{"id":43047,"date":"2021-04-29T09:37:11","date_gmt":"2021-04-29T07:37:11","guid":{"rendered":"https:\/\/www.florenceservanschreiber.com\/3kifsacademie\/?post_type=product&#038;p=43047"},"modified":"2025-09-23T16:40:50","modified_gmt":"2025-09-23T14:40:50","slug":"formation-initiale-en-coherence-cardiaque-100-en-ligne","status":"publish","type":"product","link":"https:\/\/www.florenceservanschreiber.com\/3kifsacademie\/produit\/formation-initiale-en-coherence-cardiaque-100-en-ligne\/","title":{"rendered":"Formation initiale en Coh\u00e9rence cardiaque &#8211; 100% en ligne"},"content":{"rendered":"<h2><span id=\"Objectifs\">Objectifs<\/span><\/h2>\n<ul>\n<li><strong>Comprendre<\/strong>\u00a0les m\u00e9canismes physiologiques, physiques et \u00e9motionnels de la coh\u00e9rence cardiaque.<\/li>\n<li><strong>Connaitre<\/strong>\u00a0les bases pour pouvoir expliquer et int\u00e9grer la coh\u00e9rence cardiaque \u00e0 toutes les pratiques d\u2019accompagnement.<\/li>\n<li><strong>Int\u00e9grer<\/strong>\u00a0la coh\u00e9rence cardiaque \u00e0 sa routine quotidienne afin de pouvoir accompagner l\u2019int\u00e9gration \u00e0 celle des clients \/ patients.<\/li>\n<li><strong>Conseiller<\/strong> la coh\u00e9rence cardiaque et conduire une consultation de coh\u00e9rence cardiaque sans l\u2019apport d\u2019un logiciel de coh\u00e9rence cardiaque.\n<p><em>Ce programme ne comprend pas la formation \u00e0 l\u2019utilisation d\u2019un logiciel pour le suivi ou l\u2019\u00e9valuation. Un autre programme est disponible sur le site de notre partenaire.<br \/>\n<\/em><\/li>\n<\/ul>\n<h2><span id=\"Pour_qui\">Pour qui ?<\/span><\/h2>\n<ul>\n<li>Professions de la Sant\u00e9, des Soins, de l\u2019Accompagnement.<\/li>\n<li>Professions de la Psychiatrie et du suivi Psychologique.<\/li>\n<li>Gestion du Stress, Techniques de Relaxation et de M\u00e9ditation.<\/li>\n<li>Enseignement, \u00c9ducation, Enfants et Adultes.<\/li>\n<li>Coaching, Pr\u00e9paration Mentale, Physique, Sportive.<br \/>\nPratiques Respiratoires et Corporelles.<\/li>\n<li>Mieux-\u00catre et D\u00e9veloppement Personnel.<\/li>\n<li>Entreprises, Collectivit\u00e9s, Ressources Humaines.<\/li>\n<li>Particuliers int\u00e9ress\u00e9s \u00e0 titre personnel.<\/li>\n<\/ul>\n<p><em>Il n\u2019est pas n\u00e9cessaire de poss\u00e9der un logiciel de Coh\u00e9rence Cardiaque pour participer.<\/p>\n<p><\/em><\/p>\n<h2><span id=\"Programme\">Programme<\/span><\/h2>\n<h3>Les Bases<\/h3>\n<ul>\n<li>Les fondamentaux indispensables \u00e0 connaitre pour comprendre et int\u00e9grer la coh\u00e9rence cardiaque.<\/li>\n<li>Les bases physiologiques et respiratoires.<\/li>\n<li>4h00 \u2013 20 vid\u00e9os \u2013 9 quiz<\/li>\n<\/ul>\n<h3>La Coh\u00e9rence Cardiaque<\/h3>\n<ul>\n<li>La th\u00e9orie, les d\u00e9finitions, les explications, les effets et les applications de la coh\u00e9rence cardiaque pour une connaissance th\u00e9orique et pratique.<\/li>\n<li>3h40 \u2013 17 vid\u00e9os \u2013 11 quiz<\/li>\n<\/ul>\n<h3>La Pratique Personnelle<\/h3>\n<ul>\n<li>L\u2019application de la th\u00e9orie de la coh\u00e9rence cardiaque \u00e0 la pratique personnelle de coh\u00e9rence cardiaque, la v\u00f4tre et celle de vos clients \/ patients.<\/li>\n<li>1H15 \u2013 6 vid\u00e9os \u2013 3 quiz<\/li>\n<\/ul>\n<h3>Conseil PRO<\/h3>\n<ul>\n<li>Le Conseil PRO, c\u2019est la pratique professionnelle sans l\u2019assistance d\u2019un logiciel de coh\u00e9rence cardiaque.<\/li>\n<li>La respiration est au centre de la consultation.<\/li>\n<li>Pratique professionnelle simplifi\u00e9e.<\/li>\n<li>Pas de logiciel n\u00e9cessaire pour pratique<\/li>\n<li>4h00 \u2013 27 vid\u00e9os<\/li>\n<\/ul>\n<h3>Formation Alternative :<\/h3>\n<p>Si vous pensez utiliser un logiciel de coh\u00e9rence cardiaque dans un avenir proche, vous pourriez envisager, d\u00e8s maintenant de choisir la\u00a0<a href=\"https:\/\/www.coherenceinfo.com\/produit\/coherence-pro-ifemdr\/\" target=\"_blank\" rel=\"noopener\"><strong>Formation Coh\u00e9rence PRO<\/strong><\/a>\u00a0\u00e0 la place de la Formation Coh\u00e9rence CONSEIL.<br \/>\nVous auriez alors la totalit\u00e9 de la Formation Int\u00e9grale et la possibilit\u00e9 de choisir le logiciel plus tard.<\/p>\n<div>\n<h2><span id=\"Methodologie_Moyens_pedagogiques\">M\u00e9thodologie \/ Moyens p\u00e9dagogiques<\/span><\/h2>\n<ul>\n<li>Accessible aux professionnels et aux particuliers sans pr\u00e9-requis.<\/li>\n<li>70 vid\u00e9os, nombreux quiz.<\/li>\n<li>13 heures de cours, plus les annexes et compl\u00e9ments.<\/li>\n<li>Vid\u00e9os cr\u00e9\u00e9es et enregistr\u00e9es par Dr David O\u2019Hare.<\/li>\n<li>Acc\u00e8s libre 24\/24h pendant douze mois, renouvellement annuel gratuit.<\/li>\n<li>Interaction avec le formateur par messagerie interne.<\/li>\n<li>Foire Aux Questions interactive.<\/li>\n<li>Acc\u00e8s permanent gratuit aux Webinaires mensuels de suivi.<\/li>\n<li>Comprend l\u2019int\u00e9gralit\u00e9 des formations pr\u00e9c\u00e9dentes sans l\u2019utilisation d\u2019un logiciel de coh\u00e9rence cardiaque.\n<\/li>\n<\/ul>\n<\/div>\n<h2><span id=\"Intervenants\">Intervenants<\/span><\/h2>\n<p><strong>David O\u2019Hare<\/strong>\u00a0a \u00e9t\u00e9 m\u00e9decin de famille \u00e0 Marseille, puis \u00e0 N\u00eemes pendant 30 ans. Lorsqu\u2019il a rencontr\u00e9 la Coh\u00e9rence cardiaque aux Etats Unis, il s\u2019y est quasiment consacr\u00e9 pour orienter son activit\u00e9 vers les domaines de la gestion du stress,\u00a0de l\u2019anxi\u00e9t\u00e9, de la d\u00e9pression et de la prise en charge du surpoids et des troubles du comportement alimentaire par une m\u00e9thodologies globale incluant les \u00e9motions. Dipl\u00f4m\u00e9 de la Facult\u00e9 de M\u00e9decine de Marseille. Dipl\u00f4m\u00e9 de di\u00e9t\u00e9tique m\u00e9dicale et de nutrition de la facult\u00e9 de m\u00e9decine de Montpellier. Dipl\u00f4m\u00e9 en Psychologie Cognitive et Comportementale par la facult\u00e9 de M\u00e9decine de Montpellier. Le Dr O\u2019Hare est l\u2019auteur de \u00ab Maigrir par la Coh\u00e9rence cardiaque \u00bb, \u00ab Intuitions \u00bb, \u00a0\u00ab\u00a0365\u00a0\u00bb\u00a0et de \u00ab Le Bien Na\u00eetre \u00bb et \u00ab 5 minutes le matin \u00bb ; il est \u00e9galement co-auteur de \u00ab 6 ordonnances anti-stress \u00bb. Il r\u00e9side actuellement au Qu\u00e9bec et se consacre \u00e0 l\u2019enseignement, l\u2019\u00e9criture et l\u2019intervention en gestion du stress dans les entreprises. (en savoir plus sur\u00a0<a href=\"http:\/\/www.ifemdr.fr\/team-manager\/david-ohare\/\" target=\"_blank\" rel=\"noopener noreferrer\">David O\u2019Hare<\/a>)<\/p>\n<h2><span id=\"Duree_et_horaires\">Dur\u00e9e et horaires<\/span><\/h2>\n<ul>\n<li>13 heures de cours, plus les annexes et compl\u00e9ments.\n<\/li>\n<\/ul>\n<h2><span id=\"Lieu\"><strong>Lieu<\/strong><\/span><\/h2>\n<ul>\n<li>En ligne\n<\/li>\n<\/ul>\n<h2><span id=\"Modalites_drsquoinscription\">Modalit\u00e9s d\u2019inscription<\/span><\/h2>\n<ul>\n<li>L\u2019organisme de formation qui g\u00e8re la formation Coh\u00e9rence PRO en ligne est la Soci\u00e9t\u00e9 EQUILIBIOS Formation Inc. situ\u00e9e \u00e0 Montr\u00e9al, au Qu\u00e9bec.<\/li>\n<li>Entreprise Incorpor\u00e9e de droit canadien.<\/li>\n<li>Pr\u00e9sident : Michel Chiarore (Montr\u00e9al).<\/li>\n<li>Les conditions sont celles de l\u2019organisme formateur :<\/li>\n<li>D\u00e8s r\u00e9ception de votre paiement vous recevrez un e-mail avec vos identifiants pour un acc\u00e8s imm\u00e9diat au cours.<\/li>\n<li>Vous aurez un acc\u00e8s libre \u00e0 la totalit\u00e9 de la formation, 24\/24h et 7\/7 jours pendant douze mois \u00e0 compter du paiement.<\/li>\n<li>Vous pouvez renouveler gratuitement l\u2019acc\u00e8s pendant douze mois aux \u00e9ch\u00e9ances par simple demande aupr\u00e8s de notre secr\u00e9tariat.<\/li>\n<li>Vous b\u00e9n\u00e9ficiez d\u2019une garantie de satisfaction de 7 jours pour obtenir le remboursement si vous n\u2019\u00eates pas pleinement satisfait, \u00e0 condition de ne pas progresser au del\u00e0 de 10% de la dur\u00e9e totale de la formation.\n<\/li>\n<\/ul>\n<h2><span id=\"Attestation\">Attestation<\/span><\/h2>\n<ul>\n<li>Lorsque vous aurez achev\u00e9 la formation vous recevrez une attestation de participation et d\u2019ach\u00e8vement mentionnant le cursus suivi et le nombre d\u2019heures effectives.\n<\/li>\n<\/ul>\n<h2><span id=\"Conditions_financieres\">Conditions financi\u00e8res<\/span><\/h2>\n<ul>\n<li>Co\u00fbt global : 265 euros<\/li>\n<\/ul>\n<p>&nbsp;<\/p>\n","protected":false},"excerpt":{"rendered":"<p>La formation en Coh\u00e9rence Cardiaque s\u2019adresse aux professionnels de la sant\u00e9 et du bien-\u00eatre qui veulent d\u00e9couvrir, comprendre et apprendre les fondements physiologiques, biologiques et psychologiques de la Coh\u00e9rence Cardiaque pour l\u2019int\u00e9grer dans leur pratique professionnelle.<\/p>\n","protected":false},"featured_media":245572,"template":"","meta":{"_acf_changed":false,"_et_pb_use_builder":"","_et_pb_old_content":"","_et_gb_content_width":"","footnotes":""},"product_brand":[],"product_cat":[111],"product_tag":[217,218,219,57],"class_list":{"0":"post-43047","1":"product","2":"type-product","3":"status-publish","4":"has-post-thumbnail","6":"product_cat-partenaire","7":"product_tag-coherence-cardiaque","8":"product_tag-david-ohare","9":"product_tag-equilibios","10":"product_tag-formation","12":"first","13":"instock","14":"taxable","15":"shipping-taxable","16":"product-type-external"},"acf":[],"yoast_head":"<!-- This site is optimized with the Yoast SEO plugin v27.4 - https:\/\/yoast.com\/product\/yoast-seo-wordpress\/ -->\n<title>Formation initiale en Coh\u00e9rence cardiaque - 100% en ligne - 3kifsacademie by Florence Servan-Schreiber<\/title>\n<meta name=\"robots\" content=\"index, follow, max-snippet:-1, max-image-preview:large, max-video-preview:-1\" \/>\n<link rel=\"canonical\" href=\"https:\/\/www.florenceservanschreiber.com\/3kifsacademie\/produit\/formation-initiale-en-coherence-cardiaque-100-en-ligne\/\" \/>\n<meta property=\"og:locale\" content=\"fr_FR\" \/>\n<meta property=\"og:type\" content=\"article\" \/>\n<meta property=\"og:title\" content=\"Formation initiale en Coh\u00e9rence cardiaque - 100% en ligne - 3kifsacademie by Florence Servan-Schreiber\" \/>\n<meta property=\"og:description\" content=\"La formation en Coh\u00e9rence Cardiaque s\u2019adresse aux professionnels de la sant\u00e9 et du bien-\u00eatre qui veulent d\u00e9couvrir, comprendre et apprendre les fondements physiologiques, biologiques et psychologiques de la Coh\u00e9rence Cardiaque pour l\u2019int\u00e9grer dans leur pratique professionnelle.\" \/>\n<meta property=\"og:url\" content=\"https:\/\/www.florenceservanschreiber.com\/3kifsacademie\/produit\/formation-initiale-en-coherence-cardiaque-100-en-ligne\/\" \/>\n<meta property=\"og:site_name\" content=\"3kifsacademie by Florence Servan-Schreiber\" \/>\n<meta property=\"article:modified_time\" content=\"2025-09-23T14:40:50+00:00\" \/>\n<meta property=\"og:image\" content=\"https:\/\/www.florenceservanschreiber.com\/3kifsacademie\/assets\/uploads\/2021\/04\/signal-2025-02-19-123153_002.jpeg\" \/>\n\t<meta property=\"og:image:width\" content=\"1200\" \/>\n\t<meta property=\"og:image:height\" content=\"640\" \/>\n\t<meta property=\"og:image:type\" content=\"image\/jpeg\" \/>\n<meta name=\"twitter:card\" content=\"summary_large_image\" \/>\n<meta name=\"twitter:label1\" content=\"Dur\u00e9e de lecture estim\u00e9e\" \/>\n\t<meta name=\"twitter:data1\" content=\"5 minutes\" \/>\n<script type=\"application\/ld+json\" class=\"yoast-schema-graph\">{\"@context\":\"https:\\\/\\\/schema.org\",\"@graph\":[{\"@type\":\"WebPage\",\"@id\":\"https:\\\/\\\/www.florenceservanschreiber.com\\\/3kifsacademie\\\/produit\\\/formation-initiale-en-coherence-cardiaque-100-en-ligne\\\/\",\"url\":\"https:\\\/\\\/www.florenceservanschreiber.com\\\/3kifsacademie\\\/produit\\\/formation-initiale-en-coherence-cardiaque-100-en-ligne\\\/\",\"name\":\"Formation initiale en Coh\u00e9rence cardiaque - 100% en ligne - 3kifsacademie by Florence Servan-Schreiber\",\"isPartOf\":{\"@id\":\"https:\\\/\\\/www.florenceservanschreiber.com\\\/3kifsacademie\\\/#website\"},\"primaryImageOfPage\":{\"@id\":\"https:\\\/\\\/www.florenceservanschreiber.com\\\/3kifsacademie\\\/produit\\\/formation-initiale-en-coherence-cardiaque-100-en-ligne\\\/#primaryimage\"},\"image\":{\"@id\":\"https:\\\/\\\/www.florenceservanschreiber.com\\\/3kifsacademie\\\/produit\\\/formation-initiale-en-coherence-cardiaque-100-en-ligne\\\/#primaryimage\"},\"thumbnailUrl\":\"https:\\\/\\\/www.florenceservanschreiber.com\\\/3kifsacademie\\\/assets\\\/uploads\\\/2021\\\/04\\\/signal-2025-02-19-123153_002.jpeg\",\"datePublished\":\"2021-04-29T07:37:11+00:00\",\"dateModified\":\"2025-09-23T14:40:50+00:00\",\"breadcrumb\":{\"@id\":\"https:\\\/\\\/www.florenceservanschreiber.com\\\/3kifsacademie\\\/produit\\\/formation-initiale-en-coherence-cardiaque-100-en-ligne\\\/#breadcrumb\"},\"inLanguage\":\"fr-FR\",\"potentialAction\":[{\"@type\":\"ReadAction\",\"target\":[\"https:\\\/\\\/www.florenceservanschreiber.com\\\/3kifsacademie\\\/produit\\\/formation-initiale-en-coherence-cardiaque-100-en-ligne\\\/\"]}]},{\"@type\":\"ImageObject\",\"inLanguage\":\"fr-FR\",\"@id\":\"https:\\\/\\\/www.florenceservanschreiber.com\\\/3kifsacademie\\\/produit\\\/formation-initiale-en-coherence-cardiaque-100-en-ligne\\\/#primaryimage\",\"url\":\"https:\\\/\\\/www.florenceservanschreiber.com\\\/3kifsacademie\\\/assets\\\/uploads\\\/2021\\\/04\\\/signal-2025-02-19-123153_002.jpeg\",\"contentUrl\":\"https:\\\/\\\/www.florenceservanschreiber.com\\\/3kifsacademie\\\/assets\\\/uploads\\\/2021\\\/04\\\/signal-2025-02-19-123153_002.jpeg\",\"width\":1200,\"height\":640},{\"@type\":\"BreadcrumbList\",\"@id\":\"https:\\\/\\\/www.florenceservanschreiber.com\\\/3kifsacademie\\\/produit\\\/formation-initiale-en-coherence-cardiaque-100-en-ligne\\\/#breadcrumb\",\"itemListElement\":[{\"@type\":\"ListItem\",\"position\":1,\"name\":\"Home\",\"item\":\"https:\\\/\\\/www.florenceservanschreiber.com\\\/3kifsacademie\\\/\"},{\"@type\":\"ListItem\",\"position\":2,\"name\":\"Boutique\",\"item\":\"https:\\\/\\\/www.florenceservanschreiber.com\\\/3kifsacademie\\\/boutique\\\/\"},{\"@type\":\"ListItem\",\"position\":3,\"name\":\"Formation initiale en Coh\u00e9rence cardiaque &#8211; 100% en ligne\"}]},{\"@type\":\"WebSite\",\"@id\":\"https:\\\/\\\/www.florenceservanschreiber.com\\\/3kifsacademie\\\/#website\",\"url\":\"https:\\\/\\\/www.florenceservanschreiber.com\\\/3kifsacademie\\\/\",\"name\":\"3kifsacademie by Florence Servan-Schreiber\",\"description\":\"Apprendre la psychologie positive, s&#039;\u00e9panouir et kiffer !\",\"potentialAction\":[{\"@type\":\"SearchAction\",\"target\":{\"@type\":\"EntryPoint\",\"urlTemplate\":\"https:\\\/\\\/www.florenceservanschreiber.com\\\/3kifsacademie\\\/?s={search_term_string}\"},\"query-input\":{\"@type\":\"PropertyValueSpecification\",\"valueRequired\":true,\"valueName\":\"search_term_string\"}}],\"inLanguage\":\"fr-FR\"}]}<\/script>\n<!-- \/ Yoast SEO plugin. -->","yoast_head_json":{"title":"Formation initiale en Coh\u00e9rence cardiaque - 100% en ligne - 3kifsacademie by Florence Servan-Schreiber","robots":{"index":"index","follow":"follow","max-snippet":"max-snippet:-1","max-image-preview":"max-image-preview:large","max-video-preview":"max-video-preview:-1"},"canonical":"https:\/\/www.florenceservanschreiber.com\/3kifsacademie\/produit\/formation-initiale-en-coherence-cardiaque-100-en-ligne\/","og_locale":"fr_FR","og_type":"article","og_title":"Formation initiale en Coh\u00e9rence cardiaque - 100% en ligne - 3kifsacademie by Florence Servan-Schreiber","og_description":"La formation en Coh\u00e9rence Cardiaque s\u2019adresse aux professionnels de la sant\u00e9 et du bien-\u00eatre qui veulent d\u00e9couvrir, comprendre et apprendre les fondements physiologiques, biologiques et psychologiques de la Coh\u00e9rence Cardiaque pour l\u2019int\u00e9grer dans leur pratique professionnelle.","og_url":"https:\/\/www.florenceservanschreiber.com\/3kifsacademie\/produit\/formation-initiale-en-coherence-cardiaque-100-en-ligne\/","og_site_name":"3kifsacademie by Florence Servan-Schreiber","article_modified_time":"2025-09-23T14:40:50+00:00","og_image":[{"width":1200,"height":640,"url":"https:\/\/www.florenceservanschreiber.com\/3kifsacademie\/assets\/uploads\/2021\/04\/signal-2025-02-19-123153_002.jpeg","type":"image\/jpeg"}],"twitter_card":"summary_large_image","twitter_misc":{"Dur\u00e9e de lecture estim\u00e9e":"5 minutes"},"schema":{"@context":"https:\/\/schema.org","@graph":[{"@type":"WebPage","@id":"https:\/\/www.florenceservanschreiber.com\/3kifsacademie\/produit\/formation-initiale-en-coherence-cardiaque-100-en-ligne\/","url":"https:\/\/www.florenceservanschreiber.com\/3kifsacademie\/produit\/formation-initiale-en-coherence-cardiaque-100-en-ligne\/","name":"Formation initiale en Coh\u00e9rence cardiaque - 100% en ligne - 3kifsacademie by Florence Servan-Schreiber","isPartOf":{"@id":"https:\/\/www.florenceservanschreiber.com\/3kifsacademie\/#website"},"primaryImageOfPage":{"@id":"https:\/\/www.florenceservanschreiber.com\/3kifsacademie\/produit\/formation-initiale-en-coherence-cardiaque-100-en-ligne\/#primaryimage"},"image":{"@id":"https:\/\/www.florenceservanschreiber.com\/3kifsacademie\/produit\/formation-initiale-en-coherence-cardiaque-100-en-ligne\/#primaryimage"},"thumbnailUrl":"https:\/\/www.florenceservanschreiber.com\/3kifsacademie\/assets\/uploads\/2021\/04\/signal-2025-02-19-123153_002.jpeg","datePublished":"2021-04-29T07:37:11+00:00","dateModified":"2025-09-23T14:40:50+00:00","breadcrumb":{"@id":"https:\/\/www.florenceservanschreiber.com\/3kifsacademie\/produit\/formation-initiale-en-coherence-cardiaque-100-en-ligne\/#breadcrumb"},"inLanguage":"fr-FR","potentialAction":[{"@type":"ReadAction","target":["https:\/\/www.florenceservanschreiber.com\/3kifsacademie\/produit\/formation-initiale-en-coherence-cardiaque-100-en-ligne\/"]}]},{"@type":"ImageObject","inLanguage":"fr-FR","@id":"https:\/\/www.florenceservanschreiber.com\/3kifsacademie\/produit\/formation-initiale-en-coherence-cardiaque-100-en-ligne\/#primaryimage","url":"https:\/\/www.florenceservanschreiber.com\/3kifsacademie\/assets\/uploads\/2021\/04\/signal-2025-02-19-123153_002.jpeg","contentUrl":"https:\/\/www.florenceservanschreiber.com\/3kifsacademie\/assets\/uploads\/2021\/04\/signal-2025-02-19-123153_002.jpeg","width":1200,"height":640},{"@type":"BreadcrumbList","@id":"https:\/\/www.florenceservanschreiber.com\/3kifsacademie\/produit\/formation-initiale-en-coherence-cardiaque-100-en-ligne\/#breadcrumb","itemListElement":[{"@type":"ListItem","position":1,"name":"Home","item":"https:\/\/www.florenceservanschreiber.com\/3kifsacademie\/"},{"@type":"ListItem","position":2,"name":"Boutique","item":"https:\/\/www.florenceservanschreiber.com\/3kifsacademie\/boutique\/"},{"@type":"ListItem","position":3,"name":"Formation initiale en Coh\u00e9rence cardiaque &#8211; 100% en ligne"}]},{"@type":"WebSite","@id":"https:\/\/www.florenceservanschreiber.com\/3kifsacademie\/#website","url":"https:\/\/www.florenceservanschreiber.com\/3kifsacademie\/","name":"3kifsacademie by Florence Servan-Schreiber","description":"Apprendre la psychologie positive, s&#039;\u00e9panouir et kiffer !","potentialAction":[{"@type":"SearchAction","target":{"@type":"EntryPoint","urlTemplate":"https:\/\/www.florenceservanschreiber.com\/3kifsacademie\/?s={search_term_string}"},"query-input":{"@type":"PropertyValueSpecification","valueRequired":true,"valueName":"search_term_string"}}],"inLanguage":"fr-FR"}]}},"_links":{"self":[{"href":"https:\/\/www.florenceservanschreiber.com\/3kifsacademie\/wp-json\/wp\/v2\/product\/43047","targetHints":{"allow":["GET"]}}],"collection":[{"href":"https:\/\/www.florenceservanschreiber.com\/3kifsacademie\/wp-json\/wp\/v2\/product"}],"about":[{"href":"https:\/\/www.florenceservanschreiber.com\/3kifsacademie\/wp-json\/wp\/v2\/types\/product"}],"version-history":[{"count":2,"href":"https:\/\/www.florenceservanschreiber.com\/3kifsacademie\/wp-json\/wp\/v2\/product\/43047\/revisions"}],"predecessor-version":[{"id":245640,"href":"https:\/\/www.florenceservanschreiber.com\/3kifsacademie\/wp-json\/wp\/v2\/product\/43047\/revisions\/245640"}],"wp:featuredmedia":[{"embeddable":true,"href":"https:\/\/www.florenceservanschreiber.com\/3kifsacademie\/wp-json\/wp\/v2\/media\/245572"}],"wp:attachment":[{"href":"https:\/\/www.florenceservanschreiber.com\/3kifsacademie\/wp-json\/wp\/v2\/media?parent=43047"}],"wp:term":[{"taxonomy":"product_brand","embeddable":true,"href":"https:\/\/www.florenceservanschreiber.com\/3kifsacademie\/wp-json\/wp\/v2\/product_brand?post=43047"},{"taxonomy":"product_cat","embeddable":true,"href":"https:\/\/www.florenceservanschreiber.com\/3kifsacademie\/wp-json\/wp\/v2\/product_cat?post=43047"},{"taxonomy":"product_tag","embeddable":true,"href":"https:\/\/www.florenceservanschreiber.com\/3kifsacademie\/wp-json\/wp\/v2\/product_tag?post=43047"}],"curies":[{"name":"wp","href":"https:\/\/api.w.org\/{rel}","templated":true}]}}