{"id":39565,"date":"2020-11-26T18:01:47","date_gmt":"2020-11-26T17:01:47","guid":{"rendered":"https:\/\/www.florenceservanschreiber.com\/3kifsacademie\/?post_type=product&#038;p=39565"},"modified":"2024-12-06T10:55:19","modified_gmt":"2024-12-06T09:55:19","slug":"50-outils-pour-traverser-la-vie","status":"publish","type":"product","link":"https:\/\/www.florenceservanschreiber.com\/3kifsacademie\/produit\/50-outils-pour-traverser-la-vie\/","title":{"rendered":"50 outils pour traverser la vie"},"content":{"rendered":"<p>Cette formation, 100% en ligne est \u00e0 suivre quand on veut. Elabor\u00e9e par nos amies de\u00a0Psycho\u00e9ducation.be, elle visite 5 grandes th\u00e9matiques de notre d\u00e9veloppement.\u00a0Plus de 50 vid\u00e9os, des documents \u00e0 t\u00e9l\u00e9charger, des exercices, etc.<\/p>\n<div>\n<div>\n<p><strong>1. Organise ta vie :<\/strong><br \/>\nPr\u00e9sentation d&#8217;outils pour planifier, prioriser, g\u00e9rer le temps, combattre la procrastination&#8230;<\/p>\n<p><strong>2. D\u00e9veloppe tes pouvoirs :<\/strong><br \/>\nPr\u00e9sentation d&#8217;outils pour d\u00e9couvrir ses forces, pour se motiver \u00e0 les utiliser et au final pour atteindre ses r\u00eaves.<\/p>\n<p><strong>3. Apprivoise tes \u00e9motions :<\/strong><br \/>\nDes histoires, des m\u00e9taphores, des activit\u00e9s cr\u00e9atives, des jeux, des canevas de matrices qui aident \u00e0 prendre du recul et \u00e0 mieux se conna\u00eetre.<\/p>\n<p><strong>4. Vis en harmonie avec les autres :\u00a0<\/strong><br \/>\nDes outils pour mieux comprendre les relations, mieux g\u00e9rer les conflits et entretenir de bonnes relations avec les personnes qui vous entourent.<\/p>\n<p><strong>5. Prends soin de toi<\/strong><br \/>\nDes experts vous pr\u00e9sentent leurs trucs pour bien dormir, bien manger, bien respirer, bien bouger&#8230; Pour mettre toutes les chances de votre c\u00f4t\u00e9.<\/p>\n<p>Anim\u00e9e par\u00a0<a href=\"https:\/\/www.psychoeducation.be\/pages\/a-propos\" target=\"_blank\" rel=\"noopener noreferrer\">Valentine Anciaux et St\u00e9phanie de Schaetzen<\/a>\u00a0et quelques invit\u00e9s experts.<\/p>\n<\/div>\n<ul>\n<li>6 heures de vid\u00e9o<\/li>\n<li>Des outils in\u00e9dits par rapport \u00e0 nos formations en pr\u00e9sentiel<\/li>\n<li>Accessible quand vous voulez, d&#8217;o\u00f9 vous voulez, sans limite de temps<\/li>\n<\/ul>\n<\/div>\n<div><strong><br \/>\nPublic cible<\/strong><\/div>\n<div>Les personnes int\u00e9ress\u00e9es par le d\u00e9veloppement personnel.<br \/>\nLes personnes qui accompagnent les ados et les adultes sur le chemin de la vie.<\/div>\n<div>Les outils peuvent \u00eatre utilis\u00e9s \u00e0 titre personnel, ou transmis \u00e0 un public \u00e0 partir de +\/- 12 ans (pour la plupart, certains sont r\u00e9serv\u00e9s aux adultes)<\/div>\n<div>\u00a0<\/div>\n<div><strong>Tarif :<\/strong><\/div>\n<div>70\u20ac<\/div>\n<div><em><strong><span class=\"rouge\">5% de remise vous sera appliqu\u00e9 avec le code 3KIFSACADEMIE<\/span><\/strong><\/em><\/p>\n<p>\n<strong>Avec la participation de :\u00a0<\/strong><\/p>\n<p>Magalie Le Gall, Fran\u00e7oise Roemers, Christian Junod, Isalinne Delvenne, C\u00e9line Berger, C\u00e9line Cornez, Laurence Atterte, Johan Newell, C\u00e9line de Sart, Alexia Boucau, Lucie Cincinatis, Marie de Cort, Violaine de Halleux, Caroline Weiler, St\u00e9phanie de Bournonville, Malorie Flahaux.\u00a0<\/p>\n<\/div>\n<p style=\"text-align: center;\"><a href=\"https:\/\/psychoeducationbe.learnybox.com\/50-outils-pour-traverser-la-vie-commande\/?aff=kifs&amp;cpg=dp52awc\"><span class=\"boutonCyan\">Choisir votre chemin en 50 points<\/span><\/a><\/p>\n","protected":false},"excerpt":{"rendered":"<p>Cette formation, 100% en ligne est \u00e0 suivre quand on veut. Avec 5 grandes th\u00e9matiques de notre d\u00e9veloppement.<\/p>\n","protected":false},"featured_media":41958,"template":"","meta":{"_acf_changed":false,"_et_pb_use_builder":"","_et_pb_old_content":"","_et_gb_content_width":"","footnotes":""},"product_brand":[],"product_cat":[111],"product_tag":[123,127,118,119,122,116,113,115,117,121,120,124,114,129,125,112,128,131,130,126],"class_list":{"0":"post-39565","1":"product","2":"type-product","3":"status-publish","4":"has-post-thumbnail","6":"product_cat-partenaire","7":"product_tag-alexia-boucau","8":"product_tag-caroline-weiler","9":"product_tag-celine-berger","10":"product_tag-celine-cornez","11":"product_tag-celine-de-sart","12":"product_tag-christian-junod","13":"product_tag-coaching-vie","14":"product_tag-francoise-roemers","15":"product_tag-isalinne-delvenne","16":"product_tag-johan-newell","17":"product_tag-laurence-atterte","18":"product_tag-lucie-cincinatis","19":"product_tag-magalie-le-gall","20":"product_tag-malorie-flahaux","21":"product_tag-marie-de-cort","22":"product_tag-psychoeducation","23":"product_tag-stephanie-de-bournonville","24":"product_tag-stephanie-de-schaetzen","25":"product_tag-valentine-anciaux","26":"product_tag-violaine-de-halleux","28":"first","29":"instock","30":"taxable","31":"shipping-taxable","32":"product-type-external"},"acf":[],"yoast_head":"<!-- This site is optimized with the Yoast SEO plugin v27.4 - https:\/\/yoast.com\/product\/yoast-seo-wordpress\/ -->\n<title>50 outils pour traverser la vie - 3kifsacademie by Florence Servan-Schreiber<\/title>\n<meta name=\"description\" content=\"Cette formation, 100% en ligne est \u00e0 suivre quand on veut. Avec 5 grandes th\u00e9matiques de notre d\u00e9veloppement.\" \/>\n<meta name=\"robots\" content=\"index, follow, max-snippet:-1, max-image-preview:large, max-video-preview:-1\" \/>\n<link rel=\"canonical\" href=\"https:\/\/www.florenceservanschreiber.com\/3kifsacademie\/produit\/50-outils-pour-traverser-la-vie\/\" \/>\n<meta property=\"og:locale\" content=\"fr_FR\" \/>\n<meta property=\"og:type\" content=\"article\" \/>\n<meta property=\"og:title\" content=\"50 outils pour traverser la vie - 3kifsacademie by Florence Servan-Schreiber\" \/>\n<meta property=\"og:description\" content=\"Cette formation, 100% en ligne est \u00e0 suivre quand on veut. Avec 5 grandes th\u00e9matiques de notre d\u00e9veloppement.\" \/>\n<meta property=\"og:url\" content=\"https:\/\/www.florenceservanschreiber.com\/3kifsacademie\/produit\/50-outils-pour-traverser-la-vie\/\" \/>\n<meta property=\"og:site_name\" content=\"3kifsacademie by Florence Servan-Schreiber\" \/>\n<meta property=\"article:modified_time\" content=\"2024-12-06T09:55:19+00:00\" \/>\n<meta property=\"og:image\" content=\"https:\/\/www.florenceservanschreiber.com\/3kifsacademie\/assets\/uploads\/2020\/11\/50-outils.png\" \/>\n\t<meta property=\"og:image:width\" content=\"1200\" \/>\n\t<meta property=\"og:image:height\" content=\"640\" \/>\n\t<meta property=\"og:image:type\" content=\"image\/png\" \/>\n<meta name=\"twitter:card\" content=\"summary_large_image\" \/>\n<meta name=\"twitter:label1\" content=\"Dur\u00e9e de lecture estim\u00e9e\" \/>\n\t<meta name=\"twitter:data1\" content=\"2 minutes\" \/>\n<script type=\"application\/ld+json\" class=\"yoast-schema-graph\">{\"@context\":\"https:\\\/\\\/schema.org\",\"@graph\":[{\"@type\":\"WebPage\",\"@id\":\"https:\\\/\\\/www.florenceservanschreiber.com\\\/3kifsacademie\\\/produit\\\/50-outils-pour-traverser-la-vie\\\/\",\"url\":\"https:\\\/\\\/www.florenceservanschreiber.com\\\/3kifsacademie\\\/produit\\\/50-outils-pour-traverser-la-vie\\\/\",\"name\":\"50 outils pour traverser la vie - 3kifsacademie by Florence Servan-Schreiber\",\"isPartOf\":{\"@id\":\"https:\\\/\\\/www.florenceservanschreiber.com\\\/3kifsacademie\\\/#website\"},\"primaryImageOfPage\":{\"@id\":\"https:\\\/\\\/www.florenceservanschreiber.com\\\/3kifsacademie\\\/produit\\\/50-outils-pour-traverser-la-vie\\\/#primaryimage\"},\"image\":{\"@id\":\"https:\\\/\\\/www.florenceservanschreiber.com\\\/3kifsacademie\\\/produit\\\/50-outils-pour-traverser-la-vie\\\/#primaryimage\"},\"thumbnailUrl\":\"https:\\\/\\\/www.florenceservanschreiber.com\\\/3kifsacademie\\\/assets\\\/uploads\\\/2020\\\/11\\\/50-outils.png\",\"datePublished\":\"2020-11-26T17:01:47+00:00\",\"dateModified\":\"2024-12-06T09:55:19+00:00\",\"description\":\"Cette formation, 100% en ligne est \u00e0 suivre quand on veut. Avec 5 grandes th\u00e9matiques de notre d\u00e9veloppement.\",\"breadcrumb\":{\"@id\":\"https:\\\/\\\/www.florenceservanschreiber.com\\\/3kifsacademie\\\/produit\\\/50-outils-pour-traverser-la-vie\\\/#breadcrumb\"},\"inLanguage\":\"fr-FR\",\"potentialAction\":[{\"@type\":\"ReadAction\",\"target\":[\"https:\\\/\\\/www.florenceservanschreiber.com\\\/3kifsacademie\\\/produit\\\/50-outils-pour-traverser-la-vie\\\/\"]}]},{\"@type\":\"ImageObject\",\"inLanguage\":\"fr-FR\",\"@id\":\"https:\\\/\\\/www.florenceservanschreiber.com\\\/3kifsacademie\\\/produit\\\/50-outils-pour-traverser-la-vie\\\/#primaryimage\",\"url\":\"https:\\\/\\\/www.florenceservanschreiber.com\\\/3kifsacademie\\\/assets\\\/uploads\\\/2020\\\/11\\\/50-outils.png\",\"contentUrl\":\"https:\\\/\\\/www.florenceservanschreiber.com\\\/3kifsacademie\\\/assets\\\/uploads\\\/2020\\\/11\\\/50-outils.png\",\"width\":1200,\"height\":640},{\"@type\":\"BreadcrumbList\",\"@id\":\"https:\\\/\\\/www.florenceservanschreiber.com\\\/3kifsacademie\\\/produit\\\/50-outils-pour-traverser-la-vie\\\/#breadcrumb\",\"itemListElement\":[{\"@type\":\"ListItem\",\"position\":1,\"name\":\"Home\",\"item\":\"https:\\\/\\\/www.florenceservanschreiber.com\\\/3kifsacademie\\\/\"},{\"@type\":\"ListItem\",\"position\":2,\"name\":\"Boutique\",\"item\":\"https:\\\/\\\/www.florenceservanschreiber.com\\\/3kifsacademie\\\/boutique\\\/\"},{\"@type\":\"ListItem\",\"position\":3,\"name\":\"50 outils pour traverser la vie\"}]},{\"@type\":\"WebSite\",\"@id\":\"https:\\\/\\\/www.florenceservanschreiber.com\\\/3kifsacademie\\\/#website\",\"url\":\"https:\\\/\\\/www.florenceservanschreiber.com\\\/3kifsacademie\\\/\",\"name\":\"3kifsacademie by Florence Servan-Schreiber\",\"description\":\"Apprendre la psychologie positive, s&#039;\u00e9panouir et kiffer !\",\"potentialAction\":[{\"@type\":\"SearchAction\",\"target\":{\"@type\":\"EntryPoint\",\"urlTemplate\":\"https:\\\/\\\/www.florenceservanschreiber.com\\\/3kifsacademie\\\/?s={search_term_string}\"},\"query-input\":{\"@type\":\"PropertyValueSpecification\",\"valueRequired\":true,\"valueName\":\"search_term_string\"}}],\"inLanguage\":\"fr-FR\"}]}<\/script>\n<!-- \/ Yoast SEO plugin. -->","yoast_head_json":{"title":"50 outils pour traverser la vie - 3kifsacademie by Florence Servan-Schreiber","description":"Cette formation, 100% en ligne est \u00e0 suivre quand on veut. Avec 5 grandes th\u00e9matiques de notre d\u00e9veloppement.","robots":{"index":"index","follow":"follow","max-snippet":"max-snippet:-1","max-image-preview":"max-image-preview:large","max-video-preview":"max-video-preview:-1"},"canonical":"https:\/\/www.florenceservanschreiber.com\/3kifsacademie\/produit\/50-outils-pour-traverser-la-vie\/","og_locale":"fr_FR","og_type":"article","og_title":"50 outils pour traverser la vie - 3kifsacademie by Florence Servan-Schreiber","og_description":"Cette formation, 100% en ligne est \u00e0 suivre quand on veut. Avec 5 grandes th\u00e9matiques de notre d\u00e9veloppement.","og_url":"https:\/\/www.florenceservanschreiber.com\/3kifsacademie\/produit\/50-outils-pour-traverser-la-vie\/","og_site_name":"3kifsacademie by Florence Servan-Schreiber","article_modified_time":"2024-12-06T09:55:19+00:00","og_image":[{"width":1200,"height":640,"url":"https:\/\/www.florenceservanschreiber.com\/3kifsacademie\/assets\/uploads\/2020\/11\/50-outils.png","type":"image\/png"}],"twitter_card":"summary_large_image","twitter_misc":{"Dur\u00e9e de lecture estim\u00e9e":"2 minutes"},"schema":{"@context":"https:\/\/schema.org","@graph":[{"@type":"WebPage","@id":"https:\/\/www.florenceservanschreiber.com\/3kifsacademie\/produit\/50-outils-pour-traverser-la-vie\/","url":"https:\/\/www.florenceservanschreiber.com\/3kifsacademie\/produit\/50-outils-pour-traverser-la-vie\/","name":"50 outils pour traverser la vie - 3kifsacademie by Florence Servan-Schreiber","isPartOf":{"@id":"https:\/\/www.florenceservanschreiber.com\/3kifsacademie\/#website"},"primaryImageOfPage":{"@id":"https:\/\/www.florenceservanschreiber.com\/3kifsacademie\/produit\/50-outils-pour-traverser-la-vie\/#primaryimage"},"image":{"@id":"https:\/\/www.florenceservanschreiber.com\/3kifsacademie\/produit\/50-outils-pour-traverser-la-vie\/#primaryimage"},"thumbnailUrl":"https:\/\/www.florenceservanschreiber.com\/3kifsacademie\/assets\/uploads\/2020\/11\/50-outils.png","datePublished":"2020-11-26T17:01:47+00:00","dateModified":"2024-12-06T09:55:19+00:00","description":"Cette formation, 100% en ligne est \u00e0 suivre quand on veut. Avec 5 grandes th\u00e9matiques de notre d\u00e9veloppement.","breadcrumb":{"@id":"https:\/\/www.florenceservanschreiber.com\/3kifsacademie\/produit\/50-outils-pour-traverser-la-vie\/#breadcrumb"},"inLanguage":"fr-FR","potentialAction":[{"@type":"ReadAction","target":["https:\/\/www.florenceservanschreiber.com\/3kifsacademie\/produit\/50-outils-pour-traverser-la-vie\/"]}]},{"@type":"ImageObject","inLanguage":"fr-FR","@id":"https:\/\/www.florenceservanschreiber.com\/3kifsacademie\/produit\/50-outils-pour-traverser-la-vie\/#primaryimage","url":"https:\/\/www.florenceservanschreiber.com\/3kifsacademie\/assets\/uploads\/2020\/11\/50-outils.png","contentUrl":"https:\/\/www.florenceservanschreiber.com\/3kifsacademie\/assets\/uploads\/2020\/11\/50-outils.png","width":1200,"height":640},{"@type":"BreadcrumbList","@id":"https:\/\/www.florenceservanschreiber.com\/3kifsacademie\/produit\/50-outils-pour-traverser-la-vie\/#breadcrumb","itemListElement":[{"@type":"ListItem","position":1,"name":"Home","item":"https:\/\/www.florenceservanschreiber.com\/3kifsacademie\/"},{"@type":"ListItem","position":2,"name":"Boutique","item":"https:\/\/www.florenceservanschreiber.com\/3kifsacademie\/boutique\/"},{"@type":"ListItem","position":3,"name":"50 outils pour traverser la vie"}]},{"@type":"WebSite","@id":"https:\/\/www.florenceservanschreiber.com\/3kifsacademie\/#website","url":"https:\/\/www.florenceservanschreiber.com\/3kifsacademie\/","name":"3kifsacademie by Florence Servan-Schreiber","description":"Apprendre la psychologie positive, s&#039;\u00e9panouir et kiffer !","potentialAction":[{"@type":"SearchAction","target":{"@type":"EntryPoint","urlTemplate":"https:\/\/www.florenceservanschreiber.com\/3kifsacademie\/?s={search_term_string}"},"query-input":{"@type":"PropertyValueSpecification","valueRequired":true,"valueName":"search_term_string"}}],"inLanguage":"fr-FR"}]}},"_links":{"self":[{"href":"https:\/\/www.florenceservanschreiber.com\/3kifsacademie\/wp-json\/wp\/v2\/product\/39565","targetHints":{"allow":["GET"]}}],"collection":[{"href":"https:\/\/www.florenceservanschreiber.com\/3kifsacademie\/wp-json\/wp\/v2\/product"}],"about":[{"href":"https:\/\/www.florenceservanschreiber.com\/3kifsacademie\/wp-json\/wp\/v2\/types\/product"}],"version-history":[{"count":0,"href":"https:\/\/www.florenceservanschreiber.com\/3kifsacademie\/wp-json\/wp\/v2\/product\/39565\/revisions"}],"wp:featuredmedia":[{"embeddable":true,"href":"https:\/\/www.florenceservanschreiber.com\/3kifsacademie\/wp-json\/wp\/v2\/media\/41958"}],"wp:attachment":[{"href":"https:\/\/www.florenceservanschreiber.com\/3kifsacademie\/wp-json\/wp\/v2\/media?parent=39565"}],"wp:term":[{"taxonomy":"product_brand","embeddable":true,"href":"https:\/\/www.florenceservanschreiber.com\/3kifsacademie\/wp-json\/wp\/v2\/product_brand?post=39565"},{"taxonomy":"product_cat","embeddable":true,"href":"https:\/\/www.florenceservanschreiber.com\/3kifsacademie\/wp-json\/wp\/v2\/product_cat?post=39565"},{"taxonomy":"product_tag","embeddable":true,"href":"https:\/\/www.florenceservanschreiber.com\/3kifsacademie\/wp-json\/wp\/v2\/product_tag?post=39565"}],"curies":[{"name":"wp","href":"https:\/\/api.w.org\/{rel}","templated":true}]}}