{"id":16432,"date":"2018-02-12T18:59:20","date_gmt":"2018-02-12T17:59:20","guid":{"rendered":"https:\/\/www.florenceservanschreiber.com\/3kifsacademie\/produit\/la-science-du-bonheur\/"},"modified":"2023-03-07T12:43:51","modified_gmt":"2023-03-07T11:43:51","slug":"la-science-du-bonheur","status":"publish","type":"product","link":"https:\/\/www.florenceservanschreiber.com\/3kifsacademie\/produit\/la-science-du-bonheur\/","title":{"rendered":"La science du bonheur"},"content":{"rendered":"<p>Un kit professionnel complet pour animer un atelier autour de la\u00a0<strong>Science du Bonheur<\/strong>\u00a0qui comprend :<\/p>\n<ul>\n<li>LES OUTILS DE L&#8217;ANIMATEUR<\/li>\n<li>LES SUPPORTS P<span class=\"s1\">\u00c9<\/span>DAGOGIQUES<\/li>\n<li>LES MANUELS\u00a0DES PARTICIPANTS<\/li>\n<li>DES GOODIES POUR 30\u00a0PERSONNES<\/li>\n<li>DES VID<span class=\"s1\">\u00c9<\/span>OS<\/li>\n<li>DES BONUS D&#8217;ANIMATION<\/li>\n<\/ul>\n<p>Au prix de 675\u20ac H.T, sans royalties.<\/p>\n<div class=\"wrapper-video\"><iframe src=\"https:\/\/player.vimeo.com\/video\/250752260\" frameborder=\"0\" allowfullscreen=\"allowfullscreen\"><\/iframe><\/div>\n<div class=\"column\">\n<div>\n<div>\n<p class=\"p1\">Pionnier et participatif, ce programme de 3h30, con\u00e7u pour un groupe de 12 \u00e0 30 participants permet de d\u00e9couvrir les fondements de la psychologie positive et l\u2019influence de ses d\u00e9couvertes sur notre propre bonheur. Il propose une alternance entre pr\u00e9sentations, exercices pratiques et questionnements concrets pour agir et int\u00e9grer ces enseignements.<\/p>\n<h2><strong>\u00c0 qui s&#8217;adresse-il ?<\/strong><\/h2>\n<p>Ce kit profesionnel de psychologie positive cl\u00e9 en main s&#8217;adresse aux coachs, animateurs, facilitateurs, enseignants, formateurs, \u00e9ducateurs, professionnels de la relation aux autres ou managers.<\/p>\n<h2><strong>Pour quel public ?<\/strong><\/h2>\n<p class=\"p1\">Entreprises, particuliers, \u00e9coles, enseignement sup\u00e9rieur.<\/p>\n<h2><strong>Les objectifs <\/strong>\u00a0:<\/h2>\n<ul>\n<li>\n<p class=\"p1\">Comprendre d\u2019o\u00f9 vient notre capacit\u00e9 \u00e0 \u00eatre heureux<\/p>\n<\/li>\n<li>\n<p class=\"p1\">Conna\u00eetre son ing\u00e9nierie personnelle du bonheur<\/p>\n<\/li>\n<li>\n<p class=\"p1\">Cultiver un \u00e9tat d\u2019esprit positif<\/p>\n<\/li>\n<li>\n<p class=\"p1\">Devenir un d\u00e9tecteur de b\u00e9n\u00e9fices<\/p>\n<\/li>\n<li>\n<p class=\"p1\">Se projeter pour mieux se r\u00e9aliser<\/p>\n<\/li>\n<li>\n<p class=\"p1\">D\u00e9couvrir les 10 rituels qui favorisent le bonheur<\/p>\n<\/li>\n<\/ul>\n<div>\n<h2><strong>L&#8217;outil pro comprend\u00a0\u00a0:\u00a0<\/strong><\/h2>\n<h2><img decoding=\"async\" src=\"\/main\/images\/upload\/image\/sciencedubonheur-contenu.jpg\" alt=\"\" \/><\/h2>\n<h2 class=\"align_image\"><img decoding=\"async\" style=\"float: left;\" src=\"\/main\/images\/upload\/image\/save-file.png\" alt=\"\" \/>\u00a0 A t\u00e9l\u00e9charger<\/h2>\n<\/div>\n<ul>\n<li>1 powerpoint \u00e0 projeter durant l&#8217;atelier<\/li>\n<li>1 d\u00e9roul\u00e9\u00a0minut\u00e9 du programme<\/li>\n<li>1 checklist de l&#8217;animateur<\/li>\n<li>1\u00a0manuel \u00e0 distribuer aux participants (format PDF)<\/li>\n<li>1 exemplaire des Exercices d\u2019auto coaching et ressources de psychologie positive pour pr\u00e9parer ses animations.<\/li>\n<\/ul>\n<\/div>\n<div>\n<h2 class=\"align_image\"><img decoding=\"async\" style=\"float: left;\" src=\"\/main\/images\/upload\/image\/email126.png\" alt=\"\" \/>\u00a0A recevoir par courrier personnel<\/h2>\n<\/div>\n<ul>\n<li>\n<p class=\"p1\">1 guide d\u2019animation d\u00e9taill\u00e9 \u00e9tape par \u00e9tape comprenant les pr\u00e9sentations mot \u00e0 mot, les exercices et la possibilit\u00e9 de customiser le message gr\u00e2ce \u00e0 vos exemples.<\/p>\n<\/li>\n<li>1 exemple de manuel du participant<\/li>\n<li>\n<p class=\"p1\">30 cartes des rituels et comportements valid\u00e9s par la science<\/p>\n<\/li>\n<\/ul>\n<h2 class=\"align_image\"><img decoding=\"async\" style=\"float: left;\" src=\"\/main\/images\/upload\/image\/add73.png\" alt=\"\" \/>\u00a0Bonus<\/h2>\n<\/div>\n<ul>\n<li>1 fiche p\u00e9dagogique : 10 conseils pour animer cet\u00a0atelier<\/li>\n<li>1\u00a0acc\u00e8s au\u00a0groupe priv\u00e9 des animateurs sur\u00a0Facebook<\/li>\n<li>1 tuto vid\u00e9o : Animer un atelier de psychologie positive<\/li>\n<\/ul>\n<p>Ce kit complet vous permet d&#8217;organiser un atelier d\u00e8s sa r\u00e9ception.<\/p>\n<\/div>\n<div>\u00a0<\/div>\n<p class=\"p1\"><strong>La psychologie positive :<\/strong><\/p>\n<p class=\"p2\">Egalement appel\u00e9e science du bonheur, la recherche en Psychologie Positive s\u2019int\u00e9resse au meilleur des personnalit\u00e9s, des comportements et des organisations qui marchent. Elle s\u2019inscrit dans une d\u00e9marche pr\u00e9ventive pour mettre toutes les chances de notre c\u00f4t\u00e9 face aux impr\u00e9vus, quelles que soient nos circonstances de vie. Ses conclusions s\u2019appliquent tant \u00e0 nos pr\u00e9occupations professionnelles que personnelles.<\/p>\n<p class=\"p2\">Fort de son exp\u00e9rience d&#8217;animation d&#8217;ateliers, <span class=\"s1\">Florence Servan-Schreiber <\/span>propose le contenu, les sources et les outils pour animer un atelier de d\u00e9couverte et de pratique.<\/p>\n<p class=\"p2\">Cet atelier a \u00e9t\u00e9 test\u00e9 aupr\u00e8s du grand public et en entreprise.<\/p>\n","protected":false},"excerpt":{"rendered":"<p>Un programme de formation con\u00e7u pour \u00a0d\u00e9couvrir les fondements de la psychologie positive et l\u2019influence de ses d\u00e9couvertes sur notre propre bonheur.<\/p>\n","protected":false},"featured_media":23826,"template":"","meta":{"_acf_changed":false,"_et_pb_use_builder":"","_et_pb_old_content":"","_et_gb_content_width":"","footnotes":""},"product_brand":[],"product_cat":[16,19],"product_tag":[],"class_list":{"0":"post-16432","1":"product","2":"type-product","3":"status-publish","4":"has-post-thumbnail","6":"product_cat-cours","7":"product_cat-kit-pro","9":"first","10":"instock","11":"taxable","12":"shipping-taxable","13":"purchasable","14":"product-type-simple"},"acf":[],"yoast_head":"<!-- This site is optimized with the Yoast SEO plugin v27.5 - https:\/\/yoast.com\/product\/yoast-seo-wordpress\/ -->\n<title>La science du bonheur - 3kifsacademie by Florence Servan-Schreiber<\/title>\n<meta name=\"robots\" content=\"index, follow, max-snippet:-1, max-image-preview:large, max-video-preview:-1\" \/>\n<link rel=\"canonical\" href=\"https:\/\/www.florenceservanschreiber.com\/3kifsacademie\/produit\/la-science-du-bonheur\/\" \/>\n<meta property=\"og:locale\" content=\"fr_FR\" \/>\n<meta property=\"og:type\" content=\"article\" \/>\n<meta property=\"og:title\" content=\"La science du bonheur - 3kifsacademie by Florence Servan-Schreiber\" \/>\n<meta property=\"og:description\" content=\"Un programme de formation con\u00e7u pour \u00a0d\u00e9couvrir les fondements de la psychologie positive et l\u2019influence de ses d\u00e9couvertes sur notre propre bonheur.\" \/>\n<meta property=\"og:url\" content=\"https:\/\/www.florenceservanschreiber.com\/3kifsacademie\/produit\/la-science-du-bonheur\/\" \/>\n<meta property=\"og:site_name\" content=\"3kifsacademie by Florence Servan-Schreiber\" \/>\n<meta property=\"article:modified_time\" content=\"2023-03-07T11:43:51+00:00\" \/>\n<meta property=\"og:image\" content=\"https:\/\/www.florenceservanschreiber.com\/3kifsacademie\/assets\/uploads\/2018\/02\/science-bonheur-2.jpg\" \/>\n\t<meta property=\"og:image:width\" content=\"1\" \/>\n\t<meta property=\"og:image:height\" content=\"1\" \/>\n\t<meta property=\"og:image:type\" content=\"image\/jpeg\" \/>\n<meta name=\"twitter:card\" content=\"summary_large_image\" \/>\n<meta name=\"twitter:label1\" content=\"Dur\u00e9e de lecture estim\u00e9e\" \/>\n\t<meta name=\"twitter:data1\" content=\"3 minutes\" \/>\n<script type=\"application\/ld+json\" class=\"yoast-schema-graph\">{\"@context\":\"https:\\\/\\\/schema.org\",\"@graph\":[{\"@type\":\"WebPage\",\"@id\":\"https:\\\/\\\/www.florenceservanschreiber.com\\\/3kifsacademie\\\/produit\\\/la-science-du-bonheur\\\/\",\"url\":\"https:\\\/\\\/www.florenceservanschreiber.com\\\/3kifsacademie\\\/produit\\\/la-science-du-bonheur\\\/\",\"name\":\"La science du bonheur - 3kifsacademie by Florence Servan-Schreiber\",\"isPartOf\":{\"@id\":\"https:\\\/\\\/www.florenceservanschreiber.com\\\/3kifsacademie\\\/#website\"},\"primaryImageOfPage\":{\"@id\":\"https:\\\/\\\/www.florenceservanschreiber.com\\\/3kifsacademie\\\/produit\\\/la-science-du-bonheur\\\/#primaryimage\"},\"image\":{\"@id\":\"https:\\\/\\\/www.florenceservanschreiber.com\\\/3kifsacademie\\\/produit\\\/la-science-du-bonheur\\\/#primaryimage\"},\"thumbnailUrl\":\"https:\\\/\\\/www.florenceservanschreiber.com\\\/3kifsacademie\\\/assets\\\/uploads\\\/2018\\\/02\\\/science-bonheur-2.jpg\",\"datePublished\":\"2018-02-12T17:59:20+00:00\",\"dateModified\":\"2023-03-07T11:43:51+00:00\",\"breadcrumb\":{\"@id\":\"https:\\\/\\\/www.florenceservanschreiber.com\\\/3kifsacademie\\\/produit\\\/la-science-du-bonheur\\\/#breadcrumb\"},\"inLanguage\":\"fr-FR\",\"potentialAction\":[{\"@type\":\"ReadAction\",\"target\":[\"https:\\\/\\\/www.florenceservanschreiber.com\\\/3kifsacademie\\\/produit\\\/la-science-du-bonheur\\\/\"]}]},{\"@type\":\"ImageObject\",\"inLanguage\":\"fr-FR\",\"@id\":\"https:\\\/\\\/www.florenceservanschreiber.com\\\/3kifsacademie\\\/produit\\\/la-science-du-bonheur\\\/#primaryimage\",\"url\":\"https:\\\/\\\/www.florenceservanschreiber.com\\\/3kifsacademie\\\/assets\\\/uploads\\\/2018\\\/02\\\/science-bonheur-2.jpg\",\"contentUrl\":\"https:\\\/\\\/www.florenceservanschreiber.com\\\/3kifsacademie\\\/assets\\\/uploads\\\/2018\\\/02\\\/science-bonheur-2.jpg\"},{\"@type\":\"BreadcrumbList\",\"@id\":\"https:\\\/\\\/www.florenceservanschreiber.com\\\/3kifsacademie\\\/produit\\\/la-science-du-bonheur\\\/#breadcrumb\",\"itemListElement\":[{\"@type\":\"ListItem\",\"position\":1,\"name\":\"Home\",\"item\":\"https:\\\/\\\/www.florenceservanschreiber.com\\\/3kifsacademie\\\/\"},{\"@type\":\"ListItem\",\"position\":2,\"name\":\"Boutique\",\"item\":\"https:\\\/\\\/www.florenceservanschreiber.com\\\/3kifsacademie\\\/boutique\\\/\"},{\"@type\":\"ListItem\",\"position\":3,\"name\":\"La science du bonheur\"}]},{\"@type\":\"WebSite\",\"@id\":\"https:\\\/\\\/www.florenceservanschreiber.com\\\/3kifsacademie\\\/#website\",\"url\":\"https:\\\/\\\/www.florenceservanschreiber.com\\\/3kifsacademie\\\/\",\"name\":\"3kifsacademie by Florence Servan-Schreiber\",\"description\":\"Apprendre la psychologie positive, s&#039;\u00e9panouir et kiffer !\",\"potentialAction\":[{\"@type\":\"SearchAction\",\"target\":{\"@type\":\"EntryPoint\",\"urlTemplate\":\"https:\\\/\\\/www.florenceservanschreiber.com\\\/3kifsacademie\\\/?s={search_term_string}\"},\"query-input\":{\"@type\":\"PropertyValueSpecification\",\"valueRequired\":true,\"valueName\":\"search_term_string\"}}],\"inLanguage\":\"fr-FR\"}]}<\/script>\n<!-- \/ Yoast SEO plugin. -->","yoast_head_json":{"title":"La science du bonheur - 3kifsacademie by Florence Servan-Schreiber","robots":{"index":"index","follow":"follow","max-snippet":"max-snippet:-1","max-image-preview":"max-image-preview:large","max-video-preview":"max-video-preview:-1"},"canonical":"https:\/\/www.florenceservanschreiber.com\/3kifsacademie\/produit\/la-science-du-bonheur\/","og_locale":"fr_FR","og_type":"article","og_title":"La science du bonheur - 3kifsacademie by Florence Servan-Schreiber","og_description":"Un programme de formation con\u00e7u pour \u00a0d\u00e9couvrir les fondements de la psychologie positive et l\u2019influence de ses d\u00e9couvertes sur notre propre bonheur.","og_url":"https:\/\/www.florenceservanschreiber.com\/3kifsacademie\/produit\/la-science-du-bonheur\/","og_site_name":"3kifsacademie by Florence Servan-Schreiber","article_modified_time":"2023-03-07T11:43:51+00:00","og_image":[{"url":"https:\/\/www.florenceservanschreiber.com\/3kifsacademie\/assets\/uploads\/2018\/02\/science-bonheur-2.jpg","width":1,"height":1,"type":"image\/jpeg"}],"twitter_card":"summary_large_image","twitter_misc":{"Dur\u00e9e de lecture estim\u00e9e":"3 minutes"},"schema":{"@context":"https:\/\/schema.org","@graph":[{"@type":"WebPage","@id":"https:\/\/www.florenceservanschreiber.com\/3kifsacademie\/produit\/la-science-du-bonheur\/","url":"https:\/\/www.florenceservanschreiber.com\/3kifsacademie\/produit\/la-science-du-bonheur\/","name":"La science du bonheur - 3kifsacademie by Florence Servan-Schreiber","isPartOf":{"@id":"https:\/\/www.florenceservanschreiber.com\/3kifsacademie\/#website"},"primaryImageOfPage":{"@id":"https:\/\/www.florenceservanschreiber.com\/3kifsacademie\/produit\/la-science-du-bonheur\/#primaryimage"},"image":{"@id":"https:\/\/www.florenceservanschreiber.com\/3kifsacademie\/produit\/la-science-du-bonheur\/#primaryimage"},"thumbnailUrl":"https:\/\/www.florenceservanschreiber.com\/3kifsacademie\/assets\/uploads\/2018\/02\/science-bonheur-2.jpg","datePublished":"2018-02-12T17:59:20+00:00","dateModified":"2023-03-07T11:43:51+00:00","breadcrumb":{"@id":"https:\/\/www.florenceservanschreiber.com\/3kifsacademie\/produit\/la-science-du-bonheur\/#breadcrumb"},"inLanguage":"fr-FR","potentialAction":[{"@type":"ReadAction","target":["https:\/\/www.florenceservanschreiber.com\/3kifsacademie\/produit\/la-science-du-bonheur\/"]}]},{"@type":"ImageObject","inLanguage":"fr-FR","@id":"https:\/\/www.florenceservanschreiber.com\/3kifsacademie\/produit\/la-science-du-bonheur\/#primaryimage","url":"https:\/\/www.florenceservanschreiber.com\/3kifsacademie\/assets\/uploads\/2018\/02\/science-bonheur-2.jpg","contentUrl":"https:\/\/www.florenceservanschreiber.com\/3kifsacademie\/assets\/uploads\/2018\/02\/science-bonheur-2.jpg"},{"@type":"BreadcrumbList","@id":"https:\/\/www.florenceservanschreiber.com\/3kifsacademie\/produit\/la-science-du-bonheur\/#breadcrumb","itemListElement":[{"@type":"ListItem","position":1,"name":"Home","item":"https:\/\/www.florenceservanschreiber.com\/3kifsacademie\/"},{"@type":"ListItem","position":2,"name":"Boutique","item":"https:\/\/www.florenceservanschreiber.com\/3kifsacademie\/boutique\/"},{"@type":"ListItem","position":3,"name":"La science du bonheur"}]},{"@type":"WebSite","@id":"https:\/\/www.florenceservanschreiber.com\/3kifsacademie\/#website","url":"https:\/\/www.florenceservanschreiber.com\/3kifsacademie\/","name":"3kifsacademie by Florence Servan-Schreiber","description":"Apprendre la psychologie positive, s&#039;\u00e9panouir et kiffer !","potentialAction":[{"@type":"SearchAction","target":{"@type":"EntryPoint","urlTemplate":"https:\/\/www.florenceservanschreiber.com\/3kifsacademie\/?s={search_term_string}"},"query-input":{"@type":"PropertyValueSpecification","valueRequired":true,"valueName":"search_term_string"}}],"inLanguage":"fr-FR"}]}},"_links":{"self":[{"href":"https:\/\/www.florenceservanschreiber.com\/3kifsacademie\/wp-json\/wp\/v2\/product\/16432","targetHints":{"allow":["GET"]}}],"collection":[{"href":"https:\/\/www.florenceservanschreiber.com\/3kifsacademie\/wp-json\/wp\/v2\/product"}],"about":[{"href":"https:\/\/www.florenceservanschreiber.com\/3kifsacademie\/wp-json\/wp\/v2\/types\/product"}],"version-history":[{"count":0,"href":"https:\/\/www.florenceservanschreiber.com\/3kifsacademie\/wp-json\/wp\/v2\/product\/16432\/revisions"}],"wp:featuredmedia":[{"embeddable":true,"href":"https:\/\/www.florenceservanschreiber.com\/3kifsacademie\/wp-json\/wp\/v2\/media\/23826"}],"wp:attachment":[{"href":"https:\/\/www.florenceservanschreiber.com\/3kifsacademie\/wp-json\/wp\/v2\/media?parent=16432"}],"wp:term":[{"taxonomy":"product_brand","embeddable":true,"href":"https:\/\/www.florenceservanschreiber.com\/3kifsacademie\/wp-json\/wp\/v2\/product_brand?post=16432"},{"taxonomy":"product_cat","embeddable":true,"href":"https:\/\/www.florenceservanschreiber.com\/3kifsacademie\/wp-json\/wp\/v2\/product_cat?post=16432"},{"taxonomy":"product_tag","embeddable":true,"href":"https:\/\/www.florenceservanschreiber.com\/3kifsacademie\/wp-json\/wp\/v2\/product_tag?post=16432"}],"curies":[{"name":"wp","href":"https:\/\/api.w.org\/{rel}","templated":true}]}}