{"id":14414,"date":"2017-07-05T13:39:24","date_gmt":"2017-07-05T11:39:24","guid":{"rendered":"https:\/\/www.florenceservanschreiber.com\/3kifsacademie\/3kifsacademie\/?page_id=14414"},"modified":"2021-09-14T13:01:39","modified_gmt":"2021-09-14T11:01:39","slug":"c-est-quoi","status":"publish","type":"page","link":"https:\/\/www.florenceservanschreiber.com\/3kifsacademie\/c-est-quoi\/","title":{"rendered":"L&#8217;academie"},"content":{"rendered":"<div class=\"max-width edit\">\n<h3 class=\"section_title\">L&#8217;acad\u00e9mie<\/h3>\n<div>\n<div>\n<div><img decoding=\"async\" src=\"\/main\/images\/upload\/image\/bernards-friends.png\" alt=\"\" \/><\/div>\n<div><\/div>\n<div><\/div>\n<\/div>\n<\/div>\n<div>\n<h2>3KIFSACADEMIE, c&#8217;est quoi ?<\/h2>\n<p>Nous sommes une acad\u00e9mie en ligne, d\u00e9di\u00e9e \u00e0 l\u2019enseignement, l\u2019exercice et l\u2019application des d\u00e9couvertes et des pratiques de la psychologie positive dans la vie de tous les jours.<br \/>\nNous y proposons des cours, des formations, des programmes des exp\u00e9riences et des outils de coaching pour mieux se conna\u00eetre, faire face aux enjeux de la vie et favoriser l\u2019\u00e9panouissement.<\/p>\n<p>&nbsp;<\/p>\n<p>&nbsp;<\/p>\n<p style=\"text-align: center;\"><iframe loading=\"lazy\" src=\"https:\/\/player.vimeo.com\/video\/129874158?title=0&amp;byline=0&amp;portrait=0\" width=\"640\" height=\"360\" frameborder=\"0\" allowfullscreen=\"allowfullscreen\"><\/iframe><\/p>\n<p>&nbsp;<\/p>\n<h2><strong>LES 3 PROMESSES DE l&#8217;ACADEMIE<\/strong><\/h2>\n<p>&nbsp;<\/p>\n<p>La psychologie identifie trois \u00e9tapes indispensables pour modifier un comportement\u00a0:<\/p>\n<ul>\n<li>nous avons besoin de comprendre pourquoi il nous ferait du bien,<\/li>\n<li>de sentir en quoi nous pourrions en retirer un impact positif,<\/li>\n<li>et enfin, d&#8217;agir.<\/li>\n<\/ul>\n<p>Tous les programmes que nous proposons r\u00e9pondent \u00e0 ces trois \u00e9tapes.<\/p>\n<p>&nbsp;<\/p>\n<h3>1. L&#8217;INFORMATION<\/h3>\n<p>Un cours est une somme d\u2019informations. Nous partageons ici ce que nous avons appris des recherches, publications et observations.<\/p>\n<p>Il ne s\u2019agit en aucun cas de conseils psychologiques ou de th\u00e9rapie, mais bien de connaissances que vous serez libres de choisir d\u2019utiliser, ou non.<\/p>\n<p>&nbsp;<\/p>\n<h3>2. L&#8217;INSPIRATION<\/h3>\n<p>Lorsque nous nous sentons inspir\u00e9s, tout changement est plus l\u00e9ger et dynamique. La p\u00e9dagogie de l\u2019acad\u00e9mie en tient compte.<\/p>\n<p>Dans nos choix de forme et de fond, nous appliquons notre conviction que l\u2019apprentissage doit \u00eatre gourmand et jamais intimidant.<\/p>\n<p>&nbsp;<\/p>\n<h3>3. L&#8217;APPLICATION<\/h3>\n<p>Aucune transformation ne s\u2019op\u00e8re sans passage \u00e0 l\u2019action. Mais seule votre exp\u00e9rience confirmera la validit\u00e9 d\u2019une le\u00e7on.<\/p>\n<p>Nos programmes sont destin\u00e9s \u00e0 vous apporter plus de libert\u00e9 de choix et d\u2019engagement, mais leur succ\u00e8s d\u00e9pendra bien de votre implication.<\/p>\n<p>&nbsp;<\/p>\n<\/div>\n<div>\n<div><img loading=\"lazy\" decoding=\"async\" style=\"float: right;\" src=\"\/main\/images\/upload\/image\/bernard-what.png\" alt=\"\" width=\"110\" height=\"177\" \/><\/div>\n<div>\n<p>&nbsp;<\/p>\n<p>&nbsp;<\/p>\n<h2><strong>Dans 3KIFSACADEMIE, nous aimons&#8230;\u00a0<\/strong><\/h2>\n<p>L\u2019apprentissage, la gratitude, l\u2019expertise, le d\u00e9calage, cr\u00e9er du lien, les couleurs, les r\u00e9f\u00e9rences scientifiques, les exp\u00e9riences de vie, la transformation, le sourire, tenir nos promesses et nous rappeler que nous faisons tous du mieux que nous pouvons.<br \/>\nEt\u00a0nous n\u2019aimons pas : ennuyer et nous ennuyer.<\/p>\n<p>&nbsp;<\/p>\n<p><img loading=\"lazy\" decoding=\"async\" src=\"\/main\/images\/upload\/image\/bernard-who.png\" alt=\"\" width=\"100\" height=\"100\" \/><\/p>\n<p>&nbsp;<\/p>\n<\/div>\n<\/div>\n<div>\n<div>\n<h2><strong>UN INVESTISSEMENT SUR SOI<\/strong><\/h2>\n<p>Participer \u00e0 l&#8217;un de nos programmes est une fa\u00e7on d&#8217;investir sur l&#8217;outil le plus pr\u00e9cieux que nous poss\u00e9dions pour traverser les r\u00e9alit\u00e9s du quotidien : nous-m\u00eame.<\/p>\n<p>&nbsp;<\/p>\n<h2><strong>3KIFSACADEMIE<\/strong><\/h2>\n<p>L&#8217;acad\u00e9mie a \u00e9t\u00e9 fond\u00e9e par <a href=\"https:\/\/www.florenceservanschreiber.com\/3kifsacademie\/professeur\/florence-servan-schreiber\/\" target=\"_blank\" rel=\"noopener noreferrer\">Florence Servan-Schreiber<\/a>, professeure de bonheur\u00a0aupr\u00e8s du grand public et des entreprises, auteure de <a href=\"https:\/\/www.florenceservanschreiber.com\/livre\/3-kifs-par-jour\/\"><em>3\u00a0kifs par jour<\/em>,<\/a> <a href=\"https:\/\/www.florenceservanschreiber.com\/livre\/livre-power-patate\/\" target=\"_blank\" rel=\"noopener noreferrer\">Power Patate<\/a>\u00a0et <a href=\"https:\/\/www.florenceservanschreiber.com\/livre\/diner-de-kifs\/\" target=\"_blank\" rel=\"noopener noreferrer\">Diner de Kifs<\/a>.<\/p>\n<\/div>\n<\/div>\n<p>&nbsp;<\/p>\n<p>&nbsp;<\/p>\n<p>&nbsp;<\/p>\n<p>&nbsp;<\/p>\n<\/div>\n","protected":false},"excerpt":{"rendered":"<p>L&#8217;acad\u00e9mie 3KIFSACADEMIE, c&#8217;est quoi ? Nous sommes une acad\u00e9mie en ligne, d\u00e9di\u00e9e \u00e0 l\u2019enseignement, l\u2019exercice et l\u2019application des d\u00e9couvertes et des pratiques de la psychologie&#8230;<\/p>\n","protected":false},"author":1,"featured_media":0,"parent":0,"menu_order":0,"comment_status":"closed","ping_status":"closed","template":"","meta":{"_acf_changed":false,"_et_pb_use_builder":"","_et_pb_old_content":"","_et_gb_content_width":"","footnotes":""},"class_list":["post-14414","page","type-page","status-publish","hentry"],"acf":[],"yoast_head":"<!-- This site is optimized with the Yoast SEO plugin v27.5 - https:\/\/yoast.com\/product\/yoast-seo-wordpress\/ -->\n<title>L&#039;academie - 3kifsacademie by Florence Servan-Schreiber<\/title>\n<meta name=\"robots\" content=\"index, follow, max-snippet:-1, max-image-preview:large, max-video-preview:-1\" \/>\n<link rel=\"canonical\" href=\"https:\/\/www.florenceservanschreiber.com\/3kifsacademie\/c-est-quoi\/\" \/>\n<meta property=\"og:locale\" content=\"fr_FR\" \/>\n<meta property=\"og:type\" content=\"article\" \/>\n<meta property=\"og:title\" content=\"L&#039;academie - 3kifsacademie by Florence Servan-Schreiber\" \/>\n<meta property=\"og:description\" content=\"L&#8217;acad\u00e9mie 3KIFSACADEMIE, c&#8217;est quoi ? Nous sommes une acad\u00e9mie en ligne, d\u00e9di\u00e9e \u00e0 l\u2019enseignement, l\u2019exercice et l\u2019application des d\u00e9couvertes et des pratiques de la psychologie...\" \/>\n<meta property=\"og:url\" content=\"https:\/\/www.florenceservanschreiber.com\/3kifsacademie\/c-est-quoi\/\" \/>\n<meta property=\"og:site_name\" content=\"3kifsacademie by Florence Servan-Schreiber\" \/>\n<meta property=\"article:modified_time\" content=\"2021-09-14T11:01:39+00:00\" \/>\n<meta property=\"og:image\" content=\"https:\/\/www.florenceservanschreiber.com\/main\/images\/upload\/image\/bernards-friends.png\" \/>\n<meta name=\"twitter:card\" content=\"summary_large_image\" \/>\n<meta name=\"twitter:label1\" content=\"Dur\u00e9e de lecture estim\u00e9e\" \/>\n\t<meta name=\"twitter:data1\" content=\"2 minutes\" \/>\n<script type=\"application\/ld+json\" class=\"yoast-schema-graph\">{\"@context\":\"https:\\\/\\\/schema.org\",\"@graph\":[{\"@type\":\"WebPage\",\"@id\":\"https:\\\/\\\/www.florenceservanschreiber.com\\\/3kifsacademie\\\/c-est-quoi\\\/\",\"url\":\"https:\\\/\\\/www.florenceservanschreiber.com\\\/3kifsacademie\\\/c-est-quoi\\\/\",\"name\":\"L'academie - 3kifsacademie by Florence Servan-Schreiber\",\"isPartOf\":{\"@id\":\"https:\\\/\\\/www.florenceservanschreiber.com\\\/3kifsacademie\\\/#website\"},\"datePublished\":\"2017-07-05T11:39:24+00:00\",\"dateModified\":\"2021-09-14T11:01:39+00:00\",\"breadcrumb\":{\"@id\":\"https:\\\/\\\/www.florenceservanschreiber.com\\\/3kifsacademie\\\/c-est-quoi\\\/#breadcrumb\"},\"inLanguage\":\"fr-FR\",\"potentialAction\":[{\"@type\":\"ReadAction\",\"target\":[\"https:\\\/\\\/www.florenceservanschreiber.com\\\/3kifsacademie\\\/c-est-quoi\\\/\"]}]},{\"@type\":\"BreadcrumbList\",\"@id\":\"https:\\\/\\\/www.florenceservanschreiber.com\\\/3kifsacademie\\\/c-est-quoi\\\/#breadcrumb\",\"itemListElement\":[{\"@type\":\"ListItem\",\"position\":1,\"name\":\"Home\",\"item\":\"https:\\\/\\\/www.florenceservanschreiber.com\\\/3kifsacademie\\\/\"},{\"@type\":\"ListItem\",\"position\":2,\"name\":\"L&#8217;academie\"}]},{\"@type\":\"WebSite\",\"@id\":\"https:\\\/\\\/www.florenceservanschreiber.com\\\/3kifsacademie\\\/#website\",\"url\":\"https:\\\/\\\/www.florenceservanschreiber.com\\\/3kifsacademie\\\/\",\"name\":\"3kifsacademie by Florence Servan-Schreiber\",\"description\":\"Apprendre la psychologie positive, s&#039;\u00e9panouir et kiffer !\",\"potentialAction\":[{\"@type\":\"SearchAction\",\"target\":{\"@type\":\"EntryPoint\",\"urlTemplate\":\"https:\\\/\\\/www.florenceservanschreiber.com\\\/3kifsacademie\\\/?s={search_term_string}\"},\"query-input\":{\"@type\":\"PropertyValueSpecification\",\"valueRequired\":true,\"valueName\":\"search_term_string\"}}],\"inLanguage\":\"fr-FR\"}]}<\/script>\n<!-- \/ Yoast SEO plugin. -->","yoast_head_json":{"title":"L'academie - 3kifsacademie by Florence Servan-Schreiber","robots":{"index":"index","follow":"follow","max-snippet":"max-snippet:-1","max-image-preview":"max-image-preview:large","max-video-preview":"max-video-preview:-1"},"canonical":"https:\/\/www.florenceservanschreiber.com\/3kifsacademie\/c-est-quoi\/","og_locale":"fr_FR","og_type":"article","og_title":"L'academie - 3kifsacademie by Florence Servan-Schreiber","og_description":"L&#8217;acad\u00e9mie 3KIFSACADEMIE, c&#8217;est quoi ? Nous sommes une acad\u00e9mie en ligne, d\u00e9di\u00e9e \u00e0 l\u2019enseignement, l\u2019exercice et l\u2019application des d\u00e9couvertes et des pratiques de la psychologie...","og_url":"https:\/\/www.florenceservanschreiber.com\/3kifsacademie\/c-est-quoi\/","og_site_name":"3kifsacademie by Florence Servan-Schreiber","article_modified_time":"2021-09-14T11:01:39+00:00","og_image":[{"url":"https:\/\/www.florenceservanschreiber.com\/main\/images\/upload\/image\/bernards-friends.png","type":"","width":"","height":""}],"twitter_card":"summary_large_image","twitter_misc":{"Dur\u00e9e de lecture estim\u00e9e":"2 minutes"},"schema":{"@context":"https:\/\/schema.org","@graph":[{"@type":"WebPage","@id":"https:\/\/www.florenceservanschreiber.com\/3kifsacademie\/c-est-quoi\/","url":"https:\/\/www.florenceservanschreiber.com\/3kifsacademie\/c-est-quoi\/","name":"L'academie - 3kifsacademie by Florence Servan-Schreiber","isPartOf":{"@id":"https:\/\/www.florenceservanschreiber.com\/3kifsacademie\/#website"},"datePublished":"2017-07-05T11:39:24+00:00","dateModified":"2021-09-14T11:01:39+00:00","breadcrumb":{"@id":"https:\/\/www.florenceservanschreiber.com\/3kifsacademie\/c-est-quoi\/#breadcrumb"},"inLanguage":"fr-FR","potentialAction":[{"@type":"ReadAction","target":["https:\/\/www.florenceservanschreiber.com\/3kifsacademie\/c-est-quoi\/"]}]},{"@type":"BreadcrumbList","@id":"https:\/\/www.florenceservanschreiber.com\/3kifsacademie\/c-est-quoi\/#breadcrumb","itemListElement":[{"@type":"ListItem","position":1,"name":"Home","item":"https:\/\/www.florenceservanschreiber.com\/3kifsacademie\/"},{"@type":"ListItem","position":2,"name":"L&#8217;academie"}]},{"@type":"WebSite","@id":"https:\/\/www.florenceservanschreiber.com\/3kifsacademie\/#website","url":"https:\/\/www.florenceservanschreiber.com\/3kifsacademie\/","name":"3kifsacademie by Florence Servan-Schreiber","description":"Apprendre la psychologie positive, s&#039;\u00e9panouir et kiffer !","potentialAction":[{"@type":"SearchAction","target":{"@type":"EntryPoint","urlTemplate":"https:\/\/www.florenceservanschreiber.com\/3kifsacademie\/?s={search_term_string}"},"query-input":{"@type":"PropertyValueSpecification","valueRequired":true,"valueName":"search_term_string"}}],"inLanguage":"fr-FR"}]}},"_links":{"self":[{"href":"https:\/\/www.florenceservanschreiber.com\/3kifsacademie\/wp-json\/wp\/v2\/pages\/14414","targetHints":{"allow":["GET"]}}],"collection":[{"href":"https:\/\/www.florenceservanschreiber.com\/3kifsacademie\/wp-json\/wp\/v2\/pages"}],"about":[{"href":"https:\/\/www.florenceservanschreiber.com\/3kifsacademie\/wp-json\/wp\/v2\/types\/page"}],"author":[{"embeddable":true,"href":"https:\/\/www.florenceservanschreiber.com\/3kifsacademie\/wp-json\/wp\/v2\/users\/1"}],"replies":[{"embeddable":true,"href":"https:\/\/www.florenceservanschreiber.com\/3kifsacademie\/wp-json\/wp\/v2\/comments?post=14414"}],"version-history":[{"count":0,"href":"https:\/\/www.florenceservanschreiber.com\/3kifsacademie\/wp-json\/wp\/v2\/pages\/14414\/revisions"}],"wp:attachment":[{"href":"https:\/\/www.florenceservanschreiber.com\/3kifsacademie\/wp-json\/wp\/v2\/media?parent=14414"}],"curies":[{"name":"wp","href":"https:\/\/api.w.org\/{rel}","templated":true}]}}